hat is the units digit of 231016?
6
What is the ten thousands digit of 36809?
3
What is the hundred thousands digit of 399787?
3
What is the tens digit of 2960930?
3
What is the tens digit of 1379067?
6
What is the thousands digit of 704036?
4
What is the units digit of 315402?
2
What is the ten millions digit of 11420616?
1
What is the ten millions digit of 11079744?
1
What is the hundreds digit of 4362262?
2
What is the ten thousands digit of 172113?
7
What is the millions digit of 2661994?
2
What is the units digit of 8093177?
7
What is the thousands digit of 300230?
0
What is the thousands digit of 127426?
7
What is the thousands digit of 2047843?
7
What is the ten thousands digit of 589876?
8
What is the hundred thousands digit of 8719389?
7
What is the ten thousands digit of 61570?
6
What is the millions digit of 19320159?
9
What is the units digit of 677191?
1
What is the thousands digit of 317795?
7
What is the units digit of 389787?
7
What is the units digit of 593581?
1
What is the hundred thousands digit of 4472778?
4
What is the hundreds digit of 8580691?
6
What is the hundreds digit of 466559?
5
What is the ten thousands digit of 906011?
0
What is the units digit of 3334049?
9
What is the millions digit of 29265241?
9
What is the ten thousands digit of 829865?
2
What is the ten thousands digit of 50136?
5
What is the ten thousands digit of 76653?
7
What is the units digit of 67410?
0
What is the units digit of 240341?
1
What is the hundreds digit of 744194?
1
What is the millions digit of 30036578?
0
What is the tens digit of 4482941?
4
What is the thousands digit of 3142086?
2
What is the thousands digit of 734472?
4
What is the units digit of 122545?
5
What is the units digit of 6152267?
7
What is the hundred thousands digit of 28807113?
8
What is the hundred thousands digit of 407218?
4
What is the hundred thousands digit of 421167?
4
What is the hundreds digit of 3247915?
9
What is the ten thousands digit of 13737?
1
What is the hundreds digit of 49440?
4
What is the ten thousands digit of 953187?
5
What is the hundreds digit of 1925345?
3
What is the units digit of 108099?
9
What is the thousands digit of 2016172?
6
What is the ten thousands digit of 102310?
0
What is the hundred thousands digit of 744652?
7
What is the hundreds digit of 7769423?
4
What is the hundreds digit of 31051?
0
What is the units digit of 739042?
2
What is the units digit of 7808278?
8
What is the units digit of 2667221?
1
What is the tens digit of 523248?
4
What is the units digit of 5813484?
4
What is the thousands digit of 6222505?
2
What is the ten thousands digit of 238595?
3
What is the ten thousands digit of 93892?
9
What is the hundred thousands digit of 4771199?
7
What is the hundreds digit of 235895?
8
What is the ten thousands digit of 1410515?
1
What is the units digit of 1716892?
2
What is the tens digit of 486491?
9
What is the hundred thousands digit of 9720924?
7
What is the ten thousands digit of 528124?
2
What is the hundred thousands digit of 202636?
2
What is the hundreds digit of 4377802?
8
What is the thousands digit of 1953516?
3
What is the hundreds digit of 72107?
1
What is the hundred thousands digit of 914749?
9
What is the hundreds digit of 1018498?
4
What is the hundred thousands digit of 11470645?
4
What is the hundred thousands digit of 5263951?
2
What is the thousands digit of 2056005?
6
What is the millions digit of 6345372?
6
What is the ten thousands digit of 3311281?
1
What is the hundred thousands digit of 18119695?
1
What is the hundred thousands digit of 187577?
1
What is the tens digit of 723578?
7
What is the millions digit of 4847371?
4
What is the ten thousands digit of 1455498?
5
What is the millions digit of 21411801?
1
What is the hundred thousands digit of 1152662?
1
What is the units digit of 1655055?
5
What is the units digit of 12008023?
3
What is the tens digit of 281230?
3
What is the millions digit of 3141752?
3
What is the thousands digit of 6421785?
1
What is the units digit of 6158533?
3
What is the hundreds digit of 6097088?
0
What is the thousands digit of 8133740?
3
What is the ten thousands digit of 55384?
5
What is the hundred thousands digit of 1153325?
1
What is the ten thousands digit of 41098530?
9
What is the thousands digit of 400886?
0
What is the hundreds digit of 96255?
2
What is the units digit of 90086?
6
What is the units digit of 118131?
1
What is the hundred thousands digit of 2353450?
3
What is the thousands digit of 72680?
2
What is the hundreds digit of 868243?
2
What is the tens digit of 198242?
4
What is the hundred thousands digit of 14944452?
9
What is the ten thousands digit of 894111?
9
What is the ten thousands digit of 189996?
8
What is the hundreds digit of 367447?
4
What is the units digit of 7752774?
4
What is the hundred thousands digit of 3140431?
1
What is the tens digit of 1703716?
1
What is the tens digit of 540437?
3
What is the units digit of 1721?
1
What is the tens digit of 12728987?
8
What is the tens digit of 12780761?
6
What is the hundred thousands digit of 526496?
5
What is the hundred thousands digit of 3354587?
3
What is the thousands digit of 15076172?
6
What is the millions digit of 15715832?
5
What is the ten thousands digit of 24691?
2
What is the ten thousands digit of 3932859?
3
What is the hundred thousands digit of 234581?
2
What is the units digit of 13375334?
4
What is the tens digit of 24716190?
9
What is the thousands digit of 320317?
0
What is the hundreds digit of 317649?
6
What is the ten thousands digit of 3647605?
4
What is the ten thousands digit of 363030?
6
What is the hundreds digit of 2711654?
6
What is the hundreds digit of 825?
8
What is the ten thousands digit of 451406?
5
What is the units digit of 2080600?
0
What is the millions digit of 28354713?
8
What is the units digit of 74928?
8
What is the thousands digit of 6250911?
0
What is the units digit of 230562?
2
What is the thousands digit of 810024?
0
What is the thousands digit of 21098904?
8
What is the tens digit of 419299?
9
What is the ten millions digit of 28425961?
2
What is the thousands digit of 6790945?
0
What is the tens digit of 43422?
2
What is the ten thousands digit of 587765?
8
What is the hundred thousands digit of 1389517?
3
What is the tens digit of 133590?
9
What is the ten thousands digit of 65592?
6
What is the thousands digit of 8336394?
6
What is the hundred thousands digit of 2626590?
6
What is the hundreds digit of 568743?
7
What is the millions digit of 19374383?
9
What is the hundreds digit of 1556487?
4
What is the ten thousands digit of 178268?
7
What is the tens digit of 1497320?
2
What is the ten thousands digit of 445558?
4
What is the thousands digit of 12485385?
5
What is the thousands digit of 1386938?
6
What is the hundreds digit of 1402138?
1
What is the ten thousands digit of 179898?
7
What is the hundreds digit of 3296081?
0
What is the thousands digit of 860663?
0
What is the hundred thousands digit of 130758?
1
What is the millions digit of 8343835?
8
What is the ten thousands digit of 5212760?
1
What is the hundred thousands digit of 128727?
1
What is the hundreds digit of 262398?
3
What is the hundred thousands digit of 736254?
7
What is the ten thousands digit of 19144874?
4
What is the hundred thousands digit of 17516009?
5
What is the thousands digit of 41262?
1
What is the thousands digit of 211949?
1
What is the ten millions digit of 13683039?
1
What is the hundred thousands digit of 20013801?
0
What is the hundred thousands digit of 2585168?
5
What is the hundred thousands digit of 212030?
2
What is the tens digit of 4456711?
1
What is the thousands digit of 512919?
2
What is the units digit of 4100216?
6
What is the hundred thousands digit of 1590532?
5
What is the tens digit of 690643?
4
What is the thousands digit of 761218?
1
What is the ten thousands digit of 20188809?
8
What is the millions digit of 32577314?
2
What is the ten thousands digit of 141197?
4
What is the tens digit of 1026033?
3
What is the hundred thousands digit of 3308271?
3
What is the hundreds digit of 63664?
6
What is the thousands digit of 1682666?
2
What is the ten thousands digit of 133204?
3
What is the millions digit of 4632614?
4
What i